[INFO] cloning repository https://github.com/claudiug/rust-me
[INFO] running `Command { std: "git" "-c" "credential.helper=" "-c" "credential.helper=/workspace/cargo-home/bin/git-credential-null" "clone" "--bare" "https://github.com/claudiug/rust-me" "/workspace/cache/git-repos/https%3A%2F%2Fgithub.com%2Fclaudiug%2Frust-me", kill_on_drop: false }`
[INFO] [stderr] Cloning into bare repository '/workspace/cache/git-repos/https%3A%2F%2Fgithub.com%2Fclaudiug%2Frust-me'...
[INFO] running `Command { std: "git" "rev-parse" "HEAD", kill_on_drop: false }`
[INFO] [stdout] af3936b961fca8022efb72325f01e46338524fea
[INFO] checking claudiug/rust-me against master#e6e4f7ed1589e03bc2f6c5931c1a72e7947e8682 for beta-170-4
[INFO] running `Command { std: "git" "clone" "/workspace/cache/git-repos/https%3A%2F%2Fgithub.com%2Fclaudiug%2Frust-me" "/workspace/builds/worker-0-tc2/source", kill_on_drop: false }`
[INFO] [stderr] Cloning into '/workspace/builds/worker-0-tc2/source'...
[INFO] [stderr] done.
[INFO] validating manifest of git repo https://github.com/claudiug/rust-me on toolchain e6e4f7ed1589e03bc2f6c5931c1a72e7947e8682
[INFO] running `Command { std: CARGO_HOME="/workspace/cargo-home" RUSTUP_HOME="/workspace/rustup-home" "/workspace/cargo-home/bin/cargo" "+e6e4f7ed1589e03bc2f6c5931c1a72e7947e8682" "metadata" "--manifest-path" "Cargo.toml" "--no-deps", kill_on_drop: false }`
[INFO] started tweaking git repo https://github.com/claudiug/rust-me
[INFO] finished tweaking git repo https://github.com/claudiug/rust-me
[INFO] tweaked toml for git repo https://github.com/claudiug/rust-me written to /workspace/builds/worker-0-tc2/source/Cargo.toml
[INFO] crate git repo https://github.com/claudiug/rust-me already has a lockfile, it will not be regenerated
[INFO] running `Command { std: CARGO_HOME="/workspace/cargo-home" RUSTUP_HOME="/workspace/rustup-home" "/workspace/cargo-home/bin/cargo" "+e6e4f7ed1589e03bc2f6c5931c1a72e7947e8682" "fetch" "--manifest-path" "Cargo.toml", kill_on_drop: false }`
[INFO] [stderr] warning: path `/workspace/builds/worker-0-tc2/source/src/hello.rs` was erroneously implicitly accepted for binary `hello`,
[INFO] [stderr] please set bin.path in Cargo.toml
[INFO] running `Command { std: "docker" "create" "-v" "/var/lib/crater-agent-workspace/builds/worker-0-tc2/target:/opt/rustwide/target:rw,Z" "-v" "/var/lib/crater-agent-workspace/builds/worker-0-tc2/source:/opt/rustwide/workdir:ro,Z" "-v" "/var/lib/crater-agent-workspace/cargo-home:/opt/rustwide/cargo-home:ro,Z" "-v" "/var/lib/crater-agent-workspace/rustup-home:/opt/rustwide/rustup-home:ro,Z" "-e" "SOURCE_DIR=/opt/rustwide/workdir" "-e" "CARGO_TARGET_DIR=/opt/rustwide/target" "-e" "CARGO_HOME=/opt/rustwide/cargo-home" "-e" "RUSTUP_HOME=/opt/rustwide/rustup-home" "-w" "/opt/rustwide/workdir" "-m" "1610612736" "--user" "0:0" "--network" "none" "ghcr.io/rust-lang/crates-build-env/linux@sha256:19e73879b68f455e41552ea35293514db52ea292d993f571636dbffedb77a1ee" "/opt/rustwide/cargo-home/bin/cargo" "+e6e4f7ed1589e03bc2f6c5931c1a72e7947e8682" "metadata" "--no-deps" "--format-version=1", kill_on_drop: false }`
[INFO] [stdout] 9c1630f5bc4c9cd90273f08be5672a9507ef85ce9d67ddacf3c2b95a87c970a1
[INFO] running `Command { std: "docker" "start" "-a" "9c1630f5bc4c9cd90273f08be5672a9507ef85ce9d67ddacf3c2b95a87c970a1", kill_on_drop: false }`
[INFO] running `Command { std: "docker" "inspect" "9c1630f5bc4c9cd90273f08be5672a9507ef85ce9d67ddacf3c2b95a87c970a1", kill_on_drop: false }`
[INFO] running `Command { std: "docker" "rm" "-f" "9c1630f5bc4c9cd90273f08be5672a9507ef85ce9d67ddacf3c2b95a87c970a1", kill_on_drop: false }`
[INFO] [stdout] 9c1630f5bc4c9cd90273f08be5672a9507ef85ce9d67ddacf3c2b95a87c970a1
[INFO] running `Command { std: "docker" "create" "-v" "/var/lib/crater-agent-workspace/builds/worker-0-tc2/target:/opt/rustwide/target:rw,Z" "-v" "/var/lib/crater-agent-workspace/builds/worker-0-tc2/source:/opt/rustwide/workdir:ro,Z" "-v" "/var/lib/crater-agent-workspace/cargo-home:/opt/rustwide/cargo-home:ro,Z" "-v" "/var/lib/crater-agent-workspace/rustup-home:/opt/rustwide/rustup-home:ro,Z" "-e" "SOURCE_DIR=/opt/rustwide/workdir" "-e" "CARGO_TARGET_DIR=/opt/rustwide/target" "-e" "CARGO_INCREMENTAL=0" "-e" "RUST_BACKTRACE=full" "-e" "RUSTFLAGS=--cap-lints=forbid" "-e" "RUSTDOCFLAGS=--cap-lints=forbid" "-e" "CARGO_HOME=/opt/rustwide/cargo-home" "-e" "RUSTUP_HOME=/opt/rustwide/rustup-home" "-w" "/opt/rustwide/workdir" "-m" "1610612736" "--user" "0:0" "--network" "none" "ghcr.io/rust-lang/crates-build-env/linux@sha256:19e73879b68f455e41552ea35293514db52ea292d993f571636dbffedb77a1ee" "/opt/rustwide/cargo-home/bin/cargo" "+e6e4f7ed1589e03bc2f6c5931c1a72e7947e8682" "check" "--frozen" "--all" "--all-targets" "--message-format=json", kill_on_drop: false }`
[INFO] [stdout] 541dfcd7d278c6f711d0f3db25bc211e56e79ad5f398078327d3e95ba8d0c281
[INFO] running `Command { std: "docker" "start" "-a" "541dfcd7d278c6f711d0f3db25bc211e56e79ad5f398078327d3e95ba8d0c281", kill_on_drop: false }`
[INFO] [stderr] warning: path `/opt/rustwide/workdir/src/hello.rs` was erroneously implicitly accepted for binary `hello`,
[INFO] [stderr] please set bin.path in Cargo.toml
[INFO] [stderr]     Checking rust_tut v0.0.1 (/opt/rustwide/workdir)
[INFO] [stdout] error[E0412]: cannot find type `int` in this scope
[INFO] [stdout]  --> src/hello.rs:6:12
[INFO] [stdout]   |
[INFO] [stdout] 6 |     let a: int = 5;
[INFO] [stdout]   |            ^^^
[INFO] [stdout]   |            |
[INFO] [stdout]   |            not found in this scope
[INFO] [stdout]   |            help: perhaps you intended to use this type: `i32`
[INFO] [stdout] 
[INFO] [stdout] 
[INFO] [stdout] error[E0412]: cannot find type `int` in this scope
[INFO] [stdout]   --> src/hello.rs:18:20
[INFO] [stdout]    |
[INFO] [stdout] 18 | fn print_number(x: int) {
[INFO] [stdout]    |                    ^^^
[INFO] [stdout]    |                    |
[INFO] [stdout]    |                    not found in this scope
[INFO] [stdout]    |                    help: perhaps you intended to use this type: `i32`
[INFO] [stdout] 
[INFO] [stdout] 
[INFO] [stdout] error[E0412]: cannot find type `int` in this scope
[INFO] [stdout]   --> src/hello.rs:22:11
[INFO] [stdout]    |
[INFO] [stdout] 22 | fn sum(x: int, y: int) {
[INFO] [stdout]    |           ^^^
[INFO] [stdout]    |           |
[INFO] [stdout]    |           not found in this scope
[INFO] [stdout]    |           help: perhaps you intended to use this type: `i32`
[INFO] [stdout] 
[INFO] [stdout] 
[INFO] [stdout] error[E0412]: cannot find type `int` in this scope
[INFO] [stdout]   --> src/hello.rs:22:19
[INFO] [stdout]    |
[INFO] [stdout] 22 | fn sum(x: int, y: int) {
[INFO] [stdout]    |                   ^^^
[INFO] [stdout]    |                   |
[INFO] [stdout]    |                   not found in this scope
[INFO] [stdout]    |                   help: perhaps you intended to use this type: `i32`
[INFO] [stdout] 
[INFO] [stdout] 
[INFO] [stdout] error[E0412]: cannot find type `int` in this scope
[INFO] [stdout]   --> src/hello.rs:26:11
[INFO] [stdout]    |
[INFO] [stdout] 26 | fn add(x: int, y: int) -> int {
[INFO] [stdout]    |           ^^^
[INFO] [stdout]    |           |
[INFO] [stdout]    |           not found in this scope
[INFO] [stdout]    |           help: perhaps you intended to use this type: `i32`
[INFO] [stdout] 
[INFO] [stdout] 
[INFO] [stdout] error[E0412]: cannot find type `int` in this scope
[INFO] [stdout]   --> src/hello.rs:26:19
[INFO] [stdout]    |
[INFO] [stdout] 26 | fn add(x: int, y: int) -> int {
[INFO] [stdout]    |                   ^^^
[INFO] [stdout]    |                   |
[INFO] [stdout]    |                   not found in this scope
[INFO] [stdout]    |                   help: perhaps you intended to use this type: `i32`
[INFO] [stdout] 
[INFO] [stdout] 
[INFO] [stdout] error[E0412]: cannot find type `int` in this scope
[INFO] [stdout]   --> src/hello.rs:26:27
[INFO] [stdout]    |
[INFO] [stdout] 26 | fn add(x: int, y: int) -> int {
[INFO] [stdout]    |                           ^^^
[INFO] [stdout]    |                           |
[INFO] [stdout]    |                           not found in this scope
[INFO] [stdout]    |                           help: perhaps you intended to use this type: `i32`
[INFO] [stdout] 
[INFO] [stdout] 
[INFO] [stdout] error: invalid suffix `i` for number literal
[INFO] [stdout]  --> src/hello.rs:4:13
[INFO] [stdout]   |
[INFO] [stdout] 4 |     let x = 55i;
[INFO] [stdout]   |             ^^^ invalid suffix `i`
[INFO] [stdout]   |
[INFO] [stdout]   = help: the suffix must be one of the numeric types (`u32`, `isize`, `f32`, etc.)
[INFO] [stdout] 
[INFO] [stdout] 
[INFO] [stdout] error: invalid suffix `i` for number literal
[INFO] [stdout]  --> src/hello.rs:7:18
[INFO] [stdout]   |
[INFO] [stdout] 7 |     let mut xx = 5i;
[INFO] [stdout]   |                  ^^ invalid suffix `i`
[INFO] [stdout]   |
[INFO] [stdout]   = help: the suffix must be one of the numeric types (`u32`, `isize`, `f32`, etc.)
[INFO] [stdout] 
[INFO] [stdout] 
[INFO] [stdout] error: invalid suffix `i` for number literal
[INFO] [stdout]  --> src/hello.rs:8:10
[INFO] [stdout]   |
[INFO] [stdout] 8 |     xx = 10i;
[INFO] [stdout]   |          ^^^ invalid suffix `i`
[INFO] [stdout]   |
[INFO] [stdout]   = help: the suffix must be one of the numeric types (`u32`, `isize`, `f32`, etc.)
[INFO] [stdout] 
[INFO] [stdout] 
[INFO] [stdout] error[E0412]: cannot find type `int` in this scope
[INFO] [stdout]  --> src/hello.rs:6:12
[INFO] [stdout]   |
[INFO] [stdout] 6 |     let a: int = 5;
[INFO] [stdout]   |            ^^^
[INFO] [stdout]   |            |
[INFO] [stdout]   |            not found in this scope
[INFO] [stdout]   |            help: perhaps you intended to use this type: `i32`
[INFO] [stdout] 
[INFO] [stdout] 
[INFO] [stdout] error[E0412]: cannot find type `int` in this scope
[INFO] [stdout]   --> src/hello.rs:18:20
[INFO] [stdout]    |
[INFO] [stdout] 18 | fn print_number(x: int) {
[INFO] [stdout]    |                    ^^^
[INFO] [stdout]    |                    |
[INFO] [stdout]    |                    not found in this scope
[INFO] [stdout]    |                    help: perhaps you intended to use this type: `i32`
[INFO] [stdout] 
[INFO] [stdout] 
[INFO] [stdout] error[E0412]: cannot find type `int` in this scope
[INFO] [stdout]   --> src/hello.rs:22:11
[INFO] [stdout]    |
[INFO] [stdout] 22 | fn sum(x: int, y: int) {
[INFO] [stdout]    |           ^^^
[INFO] [stdout]    |           |
[INFO] [stdout]    |           not found in this scope
[INFO] [stdout]    |           help: perhaps you intended to use this type: `i32`
[INFO] [stdout] 
[INFO] [stdout] 
[INFO] [stdout] error[E0412]: cannot find type `int` in this scope
[INFO] [stdout]   --> src/hello.rs:22:19
[INFO] [stdout]    |
[INFO] [stdout] 22 | fn sum(x: int, y: int) {
[INFO] [stdout]    |                   ^^^
[INFO] [stdout]    |                   |
[INFO] [stdout]    |                   not found in this scope
[INFO] [stdout]    |                   help: perhaps you intended to use this type: `i32`
[INFO] [stdout] 
[INFO] [stdout] 
[INFO] [stdout] error[E0412]: cannot find type `int` in this scope
[INFO] [stdout]   --> src/hello.rs:26:11
[INFO] [stdout]    |
[INFO] [stdout] 26 | fn add(x: int, y: int) -> int {
[INFO] [stdout]    |           ^^^
[INFO] [stdout]    |           |
[INFO] [stdout]    |           not found in this scope
[INFO] [stdout]    |           help: perhaps you intended to use this type: `i32`
[INFO] [stdout] 
[INFO] [stdout] 
[INFO] [stdout] error[E0412]: cannot find type `int` in this scope
[INFO] [stdout]   --> src/hello.rs:26:19
[INFO] [stdout]    |
[INFO] [stdout] 26 | fn add(x: int, y: int) -> int {
[INFO] [stdout]    |                   ^^^
[INFO] [stdout]    |                   |
[INFO] [stdout]    |                   not found in this scope
[INFO] [stdout]    |                   help: perhaps you intended to use this type: `i32`
[INFO] [stdout] 
[INFO] [stdout] 
[INFO] [stdout] error[E0412]: cannot find type `int` in this scope
[INFO] [stdout]   --> src/hello.rs:26:27
[INFO] [stdout]    |
[INFO] [stdout] 26 | fn add(x: int, y: int) -> int {
[INFO] [stdout]    |                           ^^^
[INFO] [stdout]    |                           |
[INFO] [stdout]    |                           not found in this scope
[INFO] [stdout]    |                           help: perhaps you intended to use this type: `i32`
[INFO] [stdout] 
[INFO] [stdout] 
[INFO] [stderr] error: could not compile `rust_tut` (bin "hello" test) due to 11 previous errors
[INFO] [stderr] warning: build failed, waiting for other jobs to finish...
[INFO] [stdout] error: aborting due to 10 previous errors
[INFO] [stdout] 
[INFO] [stdout] 
[INFO] [stdout] For more information about this error, try `rustc --explain E0412`.
[INFO] [stdout] 
[INFO] [stdout] error: invalid suffix `i` for number literal
[INFO] [stdout]  --> src/hello.rs:4:13
[INFO] [stdout]   |
[INFO] [stdout] 4 |     let x = 55i;
[INFO] [stdout]   |             ^^^ invalid suffix `i`
[INFO] [stdout]   |
[INFO] [stdout]   = help: the suffix must be one of the numeric types (`u32`, `isize`, `f32`, etc.)
[INFO] [stdout] 
[INFO] [stdout] 
[INFO] [stdout] error: invalid suffix `i` for number literal
[INFO] [stdout]  --> src/hello.rs:7:18
[INFO] [stdout]   |
[INFO] [stdout] 7 |     let mut xx = 5i;
[INFO] [stdout]   |                  ^^ invalid suffix `i`
[INFO] [stdout]   |
[INFO] [stdout]   = help: the suffix must be one of the numeric types (`u32`, `isize`, `f32`, etc.)
[INFO] [stdout] 
[INFO] [stdout] 
[INFO] [stdout] error: invalid suffix `i` for number literal
[INFO] [stdout]  --> src/hello.rs:8:10
[INFO] [stdout]   |
[INFO] [stdout] 8 |     xx = 10i;
[INFO] [stdout]   |          ^^^ invalid suffix `i`
[INFO] [stdout]   |
[INFO] [stdout]   = help: the suffix must be one of the numeric types (`u32`, `isize`, `f32`, etc.)
[INFO] [stdout] 
[INFO] [stdout] 
[INFO] [stdout] error: aborting due to 10 previous errors
[INFO] [stdout] 
[INFO] [stdout] 
[INFO] [stdout] For more information about this error, try `rustc --explain E0412`.
[INFO] [stdout] 
[INFO] [stderr] error: could not compile `rust_tut` (bin "hello") due to 11 previous errors
[INFO] running `Command { std: "docker" "inspect" "541dfcd7d278c6f711d0f3db25bc211e56e79ad5f398078327d3e95ba8d0c281", kill_on_drop: false }`
[INFO] running `Command { std: "docker" "rm" "-f" "541dfcd7d278c6f711d0f3db25bc211e56e79ad5f398078327d3e95ba8d0c281", kill_on_drop: false }`
[INFO] [stdout] 541dfcd7d278c6f711d0f3db25bc211e56e79ad5f398078327d3e95ba8d0c281
